{"id":13,"date":"2017-03-31T18:06:04","date_gmt":"2017-03-31T16:06:04","guid":{"rendered":"http:\/\/www.artecreativo.de\/wordpress\/?page_id=13"},"modified":"2018-08-23T19:44:50","modified_gmt":"2018-08-23T17:44:50","slug":"kontakt","status":"publish","type":"page","link":"https:\/\/www.artecreativo.de\/wordpress\/kontakt\/","title":{"rendered":"Kontakt"},"content":{"rendered":"<p>Sie haben eine Frage oder wollen einfach nur Kontakt mit uns aufnehmen?<\/p>\n<p>Kein Problem. Nutzen Sie daf\u00fcr doch bitte eine der hier aufgef\u00fchrten Kontaktm\u00f6glichkeiten:<\/p>\n<p>Sandra Wei\u00dfenfels<br \/>\nDresdener Stra\u00dfe 4<br \/>\n40595 D\u00fcsseldorf<br \/>\nDeutschland<\/p>\n<p>fon: +49 (0) 211 \/ 70 00 77 1<br \/>\nemail: <a href=\"mailto:hola@artecreativo.de\">hola@artecreativo.de<\/a><\/p>\n<p>E-Mails, SMS\u2018 oder auf dem Anrufbeantworter hinterlassene Nachrichten werden von uns pers\u00f6nlich und zeitnah beantwortet.<\/p>\n<p>Sie k\u00f6nnen uns aber auch sehr gerne \u00fcber dieses Kontakt-Formular eine Nachricht zukommen lassen:<\/p>\n\n<div class=\"wpcf7 no-js\" id=\"wpcf7-f12-o1\" lang=\"de-DE\" dir=\"ltr\" data-wpcf7-id=\"12\">\n<div class=\"screen-reader-response\"><p role=\"status\" aria-live=\"polite\" aria-atomic=\"true\"><\/p> <ul><\/ul><\/div>\n<form action=\"\/wordpress\/wp-json\/wp\/v2\/pages\/13#wpcf7-f12-o1\" method=\"post\" class=\"wpcf7-form init wpcf7-acceptance-as-validation\" aria-label=\"Kontaktformular\" novalidate=\"novalidate\" data-status=\"init\">\n<fieldset class=\"hidden-fields-container\"><input type=\"hidden\" name=\"_wpcf7\" value=\"12\" \/><input type=\"hidden\" name=\"_wpcf7_version\" value=\"6.1.5\" \/><input type=\"hidden\" name=\"_wpcf7_locale\" value=\"de_DE\" \/><input type=\"hidden\" name=\"_wpcf7_unit_tag\" value=\"wpcf7-f12-o1\" \/><input type=\"hidden\" name=\"_wpcf7_container_post\" value=\"0\" \/><input type=\"hidden\" name=\"_wpcf7_posted_data_hash\" value=\"\" \/>\n<\/fieldset>\n<p><br \/>\n<strong>Ihr Name (Pflichtfeld)<\/ strong><br \/>\n<span class=\"wpcf7-form-control-wrap\" data-name=\"your-name\"><input size=\"40\" maxlength=\"400\" class=\"wpcf7-form-control wpcf7-text wpcf7-validates-as-required\" aria-required=\"true\" aria-invalid=\"false\" value=\"\" type=\"text\" name=\"your-name\" \/><\/span><br \/>\n<\/strong><strong>Ihre Email Adresse (Pflichtfeld)<\/ strong><br \/>\n<span class=\"wpcf7-form-control-wrap\" data-name=\"your-email\"><input size=\"40\" maxlength=\"400\" class=\"wpcf7-form-control wpcf7-email wpcf7-validates-as-required wpcf7-text wpcf7-validates-as-email\" aria-required=\"true\" aria-invalid=\"false\" value=\"\" type=\"email\" name=\"your-email\" \/><\/span><br \/>\n<\/strong><strong>Betreff<\/ strong><br \/>\n<span class=\"wpcf7-form-control-wrap\" data-name=\"your-subject\"><input size=\"40\" maxlength=\"400\" class=\"wpcf7-form-control wpcf7-text\" aria-invalid=\"false\" value=\"\" type=\"text\" name=\"your-subject\" \/><\/span><br \/>\n<\/strong><strong>Ihre Nachricht<\/ strong><br \/>\n<span class=\"wpcf7-form-control-wrap\" data-name=\"your-message\"><textarea cols=\"40\" rows=\"10\" maxlength=\"2000\" class=\"wpcf7-form-control wpcf7-textarea\" aria-invalid=\"false\" name=\"your-message\"><\/textarea><\/span> <\/strong>\n<\/p>\n<table>\n\t<tr>\n\t\t<td valign=\"top\" width=\"10%\" style=\"border: 0px;\">\n\t\t\t<p><span class=\"wpcf7-form-control-wrap\" data-name=\"acceptance-75\"><span class=\"wpcf7-form-control wpcf7-acceptance\"><span class=\"wpcf7-list-item\"><input type=\"checkbox\" name=\"acceptance-75\" value=\"1\" aria-invalid=\"false\" \/><\/span><\/span><\/span>\n\t\t\t<\/p>\n\t\t<\/td>\n\t\t<td valign=\"top\" style=\"border: 0px;\">\n\t\t\t<p>Sie erkl\u00e4ren sich damit einverstanden, dass Ihre Daten zur Bearbeitung Ihres Anliegens verwendet werden. Weitere Informationen und Widerrufshinweise finden Sie in der <a href=\"https:\/\/www.artecreativo.de\/wordpress\/datenschutzerklaerung\" target=\"_blank\">Datenschutzerkl\u00e4rung<\/a>.\n\t\t\t<\/p>\n\t\t<\/td>\n\t<\/tr>\n<\/table>\n<p><input class=\"wpcf7-form-control wpcf7-submit has-spinner\" type=\"submit\" value=\"Diese E-Mail absenden\" \/>\n<\/p><div class=\"wpcf7-response-output\" aria-hidden=\"true\"><\/div>\n<\/form>\n<\/div>\n\n","protected":false},"excerpt":{"rendered":"<p>Sie haben eine Frage oder wollen einfach nur Kontakt mit uns aufnehmen? Kein Problem. Nutzen Sie daf\u00fcr doch bitte eine der hier aufgef\u00fchrten Kontaktm\u00f6glichkeiten: Sandra Wei\u00dfenfels Dresdener Stra\u00dfe 4 40595 D\u00fcsseldorf Deutschland fon: +49 (0) 211 \/ 70 00 77 1 email: hola@artecreativo.de E-Mails, SMS\u2018 oder auf dem Anrufbeantworter hinterlassene &hellip;<\/p>\n","protected":false},"author":1,"featured_media":0,"parent":0,"menu_order":0,"comment_status":"closed","ping_status":"closed","template":"","meta":{"footnotes":""},"class_list":["post-13","page","type-page","status-publish","hentry"],"yoast_head":"<!-- This site is optimized with the Yoast SEO plugin v27.5 - https:\/\/yoast.com\/product\/yoast-seo-wordpress\/ -->\n<title>Kontakt - Arte Creativo<\/title>\n<meta name=\"robots\" content=\"index, follow, max-snippet:-1, max-image-preview:large, max-video-preview:-1\" \/>\n<link rel=\"canonical\" href=\"https:\/\/www.artecreativo.de\/wordpress\/kontakt\/\" \/>\n<meta property=\"og:locale\" content=\"de_DE\" \/>\n<meta property=\"og:type\" content=\"article\" \/>\n<meta property=\"og:title\" content=\"Kontakt - Arte Creativo\" \/>\n<meta property=\"og:description\" content=\"Sie haben eine Frage oder wollen einfach nur Kontakt mit uns aufnehmen? Kein Problem. Nutzen Sie daf\u00fcr doch bitte eine der hier aufgef\u00fchrten Kontaktm\u00f6glichkeiten: Sandra Wei\u00dfenfels Dresdener Stra\u00dfe 4 40595 D\u00fcsseldorf Deutschland fon: +49 (0) 211 \/ 70 00 77 1 email: hola@artecreativo.de E-Mails, SMS\u2018 oder auf dem Anrufbeantworter hinterlassene &hellip;\" \/>\n<meta property=\"og:url\" content=\"https:\/\/www.artecreativo.de\/wordpress\/kontakt\/\" \/>\n<meta property=\"og:site_name\" content=\"Arte Creativo\" \/>\n<meta property=\"article:modified_time\" content=\"2018-08-23T17:44:50+00:00\" \/>\n<meta name=\"twitter:card\" content=\"summary_large_image\" \/>\n<script type=\"application\/ld+json\" class=\"yoast-schema-graph\">{\"@context\":\"https:\\\/\\\/schema.org\",\"@graph\":[{\"@type\":\"WebPage\",\"@id\":\"https:\\\/\\\/www.artecreativo.de\\\/wordpress\\\/kontakt\\\/\",\"url\":\"https:\\\/\\\/www.artecreativo.de\\\/wordpress\\\/kontakt\\\/\",\"name\":\"Kontakt - Arte Creativo\",\"isPartOf\":{\"@id\":\"https:\\\/\\\/www.artecreativo.de\\\/wordpress\\\/#website\"},\"datePublished\":\"2017-03-31T16:06:04+00:00\",\"dateModified\":\"2018-08-23T17:44:50+00:00\",\"breadcrumb\":{\"@id\":\"https:\\\/\\\/www.artecreativo.de\\\/wordpress\\\/kontakt\\\/#breadcrumb\"},\"inLanguage\":\"de\",\"potentialAction\":[{\"@type\":\"ReadAction\",\"target\":[\"https:\\\/\\\/www.artecreativo.de\\\/wordpress\\\/kontakt\\\/\"]}]},{\"@type\":\"BreadcrumbList\",\"@id\":\"https:\\\/\\\/www.artecreativo.de\\\/wordpress\\\/kontakt\\\/#breadcrumb\",\"itemListElement\":[{\"@type\":\"ListItem\",\"position\":1,\"name\":\"Startseite\",\"item\":\"https:\\\/\\\/www.artecreativo.de\\\/wordpress\\\/\"},{\"@type\":\"ListItem\",\"position\":2,\"name\":\"Kontakt\"}]},{\"@type\":\"WebSite\",\"@id\":\"https:\\\/\\\/www.artecreativo.de\\\/wordpress\\\/#website\",\"url\":\"https:\\\/\\\/www.artecreativo.de\\\/wordpress\\\/\",\"name\":\"Arte Creativo\",\"description\":\"Fotodesign &amp; Webgestaltung\",\"publisher\":{\"@id\":\"https:\\\/\\\/www.artecreativo.de\\\/wordpress\\\/#organization\"},\"potentialAction\":[{\"@type\":\"SearchAction\",\"target\":{\"@type\":\"EntryPoint\",\"urlTemplate\":\"https:\\\/\\\/www.artecreativo.de\\\/wordpress\\\/?s={search_term_string}\"},\"query-input\":{\"@type\":\"PropertyValueSpecification\",\"valueRequired\":true,\"valueName\":\"search_term_string\"}}],\"inLanguage\":\"de\"},{\"@type\":\"Organization\",\"@id\":\"https:\\\/\\\/www.artecreativo.de\\\/wordpress\\\/#organization\",\"name\":\"Arte Creativo\",\"url\":\"https:\\\/\\\/www.artecreativo.de\\\/wordpress\\\/\",\"logo\":{\"@type\":\"ImageObject\",\"inLanguage\":\"de\",\"@id\":\"https:\\\/\\\/www.artecreativo.de\\\/wordpress\\\/#\\\/schema\\\/logo\\\/image\\\/\",\"url\":\"https:\\\/\\\/www.artecreativo.de\\\/wordpress\\\/wp-content\\\/uploads\\\/2018\\\/08\\\/cropped-Logo-840px.png\",\"contentUrl\":\"https:\\\/\\\/www.artecreativo.de\\\/wordpress\\\/wp-content\\\/uploads\\\/2018\\\/08\\\/cropped-Logo-840px.png\",\"width\":840,\"height\":151,\"caption\":\"Arte Creativo\"},\"image\":{\"@id\":\"https:\\\/\\\/www.artecreativo.de\\\/wordpress\\\/#\\\/schema\\\/logo\\\/image\\\/\"}}]}<\/script>\n<!-- \/ Yoast SEO plugin. -->","yoast_head_json":{"title":"Kontakt - Arte Creativo","robots":{"index":"index","follow":"follow","max-snippet":"max-snippet:-1","max-image-preview":"max-image-preview:large","max-video-preview":"max-video-preview:-1"},"canonical":"https:\/\/www.artecreativo.de\/wordpress\/kontakt\/","og_locale":"de_DE","og_type":"article","og_title":"Kontakt - Arte Creativo","og_description":"Sie haben eine Frage oder wollen einfach nur Kontakt mit uns aufnehmen? Kein Problem. Nutzen Sie daf\u00fcr doch bitte eine der hier aufgef\u00fchrten Kontaktm\u00f6glichkeiten: Sandra Wei\u00dfenfels Dresdener Stra\u00dfe 4 40595 D\u00fcsseldorf Deutschland fon: +49 (0) 211 \/ 70 00 77 1 email: hola@artecreativo.de E-Mails, SMS\u2018 oder auf dem Anrufbeantworter hinterlassene &hellip;","og_url":"https:\/\/www.artecreativo.de\/wordpress\/kontakt\/","og_site_name":"Arte Creativo","article_modified_time":"2018-08-23T17:44:50+00:00","twitter_card":"summary_large_image","schema":{"@context":"https:\/\/schema.org","@graph":[{"@type":"WebPage","@id":"https:\/\/www.artecreativo.de\/wordpress\/kontakt\/","url":"https:\/\/www.artecreativo.de\/wordpress\/kontakt\/","name":"Kontakt - Arte Creativo","isPartOf":{"@id":"https:\/\/www.artecreativo.de\/wordpress\/#website"},"datePublished":"2017-03-31T16:06:04+00:00","dateModified":"2018-08-23T17:44:50+00:00","breadcrumb":{"@id":"https:\/\/www.artecreativo.de\/wordpress\/kontakt\/#breadcrumb"},"inLanguage":"de","potentialAction":[{"@type":"ReadAction","target":["https:\/\/www.artecreativo.de\/wordpress\/kontakt\/"]}]},{"@type":"BreadcrumbList","@id":"https:\/\/www.artecreativo.de\/wordpress\/kontakt\/#breadcrumb","itemListElement":[{"@type":"ListItem","position":1,"name":"Startseite","item":"https:\/\/www.artecreativo.de\/wordpress\/"},{"@type":"ListItem","position":2,"name":"Kontakt"}]},{"@type":"WebSite","@id":"https:\/\/www.artecreativo.de\/wordpress\/#website","url":"https:\/\/www.artecreativo.de\/wordpress\/","name":"Arte Creativo","description":"Fotodesign &amp; Webgestaltung","publisher":{"@id":"https:\/\/www.artecreativo.de\/wordpress\/#organization"},"potentialAction":[{"@type":"SearchAction","target":{"@type":"EntryPoint","urlTemplate":"https:\/\/www.artecreativo.de\/wordpress\/?s={search_term_string}"},"query-input":{"@type":"PropertyValueSpecification","valueRequired":true,"valueName":"search_term_string"}}],"inLanguage":"de"},{"@type":"Organization","@id":"https:\/\/www.artecreativo.de\/wordpress\/#organization","name":"Arte Creativo","url":"https:\/\/www.artecreativo.de\/wordpress\/","logo":{"@type":"ImageObject","inLanguage":"de","@id":"https:\/\/www.artecreativo.de\/wordpress\/#\/schema\/logo\/image\/","url":"https:\/\/www.artecreativo.de\/wordpress\/wp-content\/uploads\/2018\/08\/cropped-Logo-840px.png","contentUrl":"https:\/\/www.artecreativo.de\/wordpress\/wp-content\/uploads\/2018\/08\/cropped-Logo-840px.png","width":840,"height":151,"caption":"Arte Creativo"},"image":{"@id":"https:\/\/www.artecreativo.de\/wordpress\/#\/schema\/logo\/image\/"}}]}},"_links":{"self":[{"href":"https:\/\/www.artecreativo.de\/wordpress\/wp-json\/wp\/v2\/pages\/13","targetHints":{"allow":["GET"]}}],"collection":[{"href":"https:\/\/www.artecreativo.de\/wordpress\/wp-json\/wp\/v2\/pages"}],"about":[{"href":"https:\/\/www.artecreativo.de\/wordpress\/wp-json\/wp\/v2\/types\/page"}],"author":[{"embeddable":true,"href":"https:\/\/www.artecreativo.de\/wordpress\/wp-json\/wp\/v2\/users\/1"}],"replies":[{"embeddable":true,"href":"https:\/\/www.artecreativo.de\/wordpress\/wp-json\/wp\/v2\/comments?post=13"}],"version-history":[{"count":5,"href":"https:\/\/www.artecreativo.de\/wordpress\/wp-json\/wp\/v2\/pages\/13\/revisions"}],"predecessor-version":[{"id":251,"href":"https:\/\/www.artecreativo.de\/wordpress\/wp-json\/wp\/v2\/pages\/13\/revisions\/251"}],"wp:attachment":[{"href":"https:\/\/www.artecreativo.de\/wordpress\/wp-json\/wp\/v2\/media?parent=13"}],"curies":[{"name":"wp","href":"https:\/\/api.w.org\/{rel}","templated":true}]}}

<p>Sie haben eine Frage oder wollen einfach nur Kontakt mit uns aufnehmen?</p>
<p>Kein Problem. Nutzen Sie dafür doch bitte eine der hier aufgeführten Kontaktmöglichkeiten:</p>
<p>Sandra Weißenfels<br />
Dresdener Straße 4<br />
40595 Düsseldorf<br />
Deutschland</p>
<p>fon: +49 (0) 211 / 70 00 77 1<br />
email: <a href="mailto:hola@artecreativo.de">hola@artecreativo.de</a></p>
<p>E-Mails, SMS‘ oder auf dem Anrufbeantworter hinterlassene Nachrichten werden von uns persönlich und zeitnah beantwortet.</p>
<p>Sie können uns aber auch sehr gerne über dieses Kontakt-Formular eine Nachricht zukommen lassen:</p>

<div class="wpcf7 no-js" id="wpcf7-f12-o1" lang="de-DE" dir="ltr" data-wpcf7-id="12">
<div class="screen-reader-response"><p role="status" aria-live="polite" aria-atomic="true"></p> <ul></ul></div>
<form action="/wordpress/wp-json/wp/v2/pages/13#wpcf7-f12-o1" method="post" class="wpcf7-form init wpcf7-acceptance-as-validation" aria-label="Kontaktformular" novalidate="novalidate" data-status="init">
<fieldset class="hidden-fields-container"><input type="hidden" name="_wpcf7" value="12" /><input type="hidden" name="_wpcf7_version" value="6.1.5" /><input type="hidden" name="_wpcf7_locale" value="de_DE" /><input type="hidden" name="_wpcf7_unit_tag" value="wpcf7-f12-o1" /><input type="hidden" name="_wpcf7_container_post" value="0" /><input type="hidden" name="_wpcf7_posted_data_hash" value="" />
</fieldset>
<p><br />
<strong>Ihr Name (Pflichtfeld)</ strong><br />
<span class="wpcf7-form-control-wrap" data-name="your-name"><input size="40" maxlength="400" class="wpcf7-form-control wpcf7-text wpcf7-validates-as-required" aria-required="true" aria-invalid="false" value="" type="text" name="your-name" /></span><br />
</strong><strong>Ihre Email Adresse (Pflichtfeld)</ strong><br />
<span class="wpcf7-form-control-wrap" data-name="your-email"><input size="40" maxlength="400" class="wpcf7-form-control wpcf7-email wpcf7-validates-as-required wpcf7-text wpcf7-validates-as-email" aria-required="true" aria-invalid="false" value="" type="email" name="your-email" /></span><br />
</strong><strong>Betreff</ strong><br />
<span class="wpcf7-form-control-wrap" data-name="your-subject"><input size="40" maxlength="400" class="wpcf7-form-control wpcf7-text" aria-invalid="false" value="" type="text" name="your-subject" /></span><br />
</strong><strong>Ihre Nachricht</ strong><br />
<span class="wpcf7-form-control-wrap" data-name="your-message"><textarea cols="40" rows="10" maxlength="2000" class="wpcf7-form-control wpcf7-textarea" aria-invalid="false" name="your-message"></textarea></span> </strong>
</p>
<table>
	<tr>
		<td valign="top" width="10%" style="border: 0px;">
			<p><span class="wpcf7-form-control-wrap" data-name="acceptance-75"><span class="wpcf7-form-control wpcf7-acceptance"><span class="wpcf7-list-item"><input type="checkbox" name="acceptance-75" value="1" aria-invalid="false" /></span></span></span>
			</p>
		</td>
		<td valign="top" style="border: 0px;">
			<p>Sie erklären sich damit einverstanden, dass Ihre Daten zur Bearbeitung Ihres Anliegens verwendet werden. Weitere Informationen und Widerrufshinweise finden Sie in der <a href="https://www.artecreativo.de/wordpress/datenschutzerklaerung" target="_blank">Datenschutzerklärung</a>.
			</p>
		</td>
	</tr>
</table>
<p><input class="wpcf7-form-control wpcf7-submit has-spinner" type="submit" value="Diese E-Mail absenden" />
</p><div class="wpcf7-response-output" aria-hidden="true"></div>
</form>
</div>

<p>Sie haben eine Frage oder wollen einfach nur Kontakt mit uns aufnehmen? Kein Problem. Nutzen Sie dafür doch bitte eine der hier aufgeführten Kontaktmöglichkeiten: Sandra Weißenfels Dresdener Straße 4 40595 Düsseldorf Deutschland fon: +49 (0) 211 / 70 00 77 1 email: hola@artecreativo.de E-Mails, SMS‘ oder auf dem Anrufbeantworter hinterlassene &hellip;</p>

<!-- This site is optimized with the Yoast SEO plugin v27.5 - https://yoast.com/product/yoast-seo-wordpress/ -->
<title>Kontakt - Arte Creativo</title>
<meta name="robots" content="index, follow, max-snippet:-1, max-image-preview:large, max-video-preview:-1" />
<link rel="canonical" href="https://www.artecreativo.de/wordpress/kontakt/" />
<meta property="og:locale" content="de_DE" />
<meta property="og:type" content="article" />
<meta property="og:title" content="Kontakt - Arte Creativo" />
<meta property="og:description" content="Sie haben eine Frage oder wollen einfach nur Kontakt mit uns aufnehmen? Kein Problem. Nutzen Sie dafür doch bitte eine der hier aufgeführten Kontaktmöglichkeiten: Sandra Weißenfels Dresdener Straße 4 40595 Düsseldorf Deutschland fon: +49 (0) 211 / 70 00 77 1 email: hola@artecreativo.de E-Mails, SMS‘ oder auf dem Anrufbeantworter hinterlassene &hellip;" />
<meta property="og:url" content="https://www.artecreativo.de/wordpress/kontakt/" />
<meta property="og:site_name" content="Arte Creativo" />
<meta property="article:modified_time" content="2018-08-23T17:44:50+00:00" />
<meta name="twitter:card" content="summary_large_image" />
<script type="application/ld+json" class="yoast-schema-graph">{"@context":"https:\/\/schema.org","@graph":[{"@type":"WebPage","@id":"https:\/\/www.artecreativo.de\/wordpress\/kontakt\/","url":"https:\/\/www.artecreativo.de\/wordpress\/kontakt\/","name":"Kontakt - Arte Creativo","isPartOf":{"@id":"https:\/\/www.artecreativo.de\/wordpress\/#website"},"datePublished":"2017-03-31T16:06:04+00:00","dateModified":"2018-08-23T17:44:50+00:00","breadcrumb":{"@id":"https:\/\/www.artecreativo.de\/wordpress\/kontakt\/#breadcrumb"},"inLanguage":"de","potentialAction":[{"@type":"ReadAction","target":["https:\/\/www.artecreativo.de\/wordpress\/kontakt\/"]}]},{"@type":"BreadcrumbList","@id":"https:\/\/www.artecreativo.de\/wordpress\/kontakt\/#breadcrumb","itemListElement":[{"@type":"ListItem","position":1,"name":"Startseite","item":"https:\/\/www.artecreativo.de\/wordpress\/"},{"@type":"ListItem","position":2,"name":"Kontakt"}]},{"@type":"WebSite","@id":"https:\/\/www.artecreativo.de\/wordpress\/#website","url":"https:\/\/www.artecreativo.de\/wordpress\/","name":"Arte Creativo","description":"Fotodesign &amp; Webgestaltung","publisher":{"@id":"https:\/\/www.artecreativo.de\/wordpress\/#organization"},"potentialAction":[{"@type":"SearchAction","target":{"@type":"EntryPoint","urlTemplate":"https:\/\/www.artecreativo.de\/wordpress\/?s={search_term_string}"},"query-input":{"@type":"PropertyValueSpecification","valueRequired":true,"valueName":"search_term_string"}}],"inLanguage":"de"},{"@type":"Organization","@id":"https:\/\/www.artecreativo.de\/wordpress\/#organization","name":"Arte Creativo","url":"https:\/\/www.artecreativo.de\/wordpress\/","logo":{"@type":"ImageObject","inLanguage":"de","@id":"https:\/\/www.artecreativo.de\/wordpress\/#\/schema\/logo\/image\/","url":"https:\/\/www.artecreativo.de\/wordpress\/wp-content\/uploads\/2018\/08\/cropped-Logo-840px.png","contentUrl":"https:\/\/www.artecreativo.de\/wordpress\/wp-content\/uploads\/2018\/08\/cropped-Logo-840px.png","width":840,"height":151,"caption":"Arte Creativo"},"image":{"@id":"https:\/\/www.artecreativo.de\/wordpress\/#\/schema\/logo\/image\/"}}]}</script>
<!-- / Yoast SEO plugin. -->

Sie haben eine Frage oder wollen einfach nur Kontakt mit uns aufnehmen? Kein Problem. Nutzen Sie dafür doch bitte eine der hier aufgeführten Kontaktmöglichkeiten: Sandra Weißenfels Dresdener Straße 4 40595 Düsseldorf Deutschland fon: +49 (0) 211 / 70 00 77 1 email: hola@artecreativo.de E-Mails, SMS‘ oder auf dem Anrufbeantworter hinterlassene &hellip;
