{"id":47,"date":"2017-04-01T13:12:03","date_gmt":"2017-04-01T11:12:03","guid":{"rendered":"http:\/\/www.artecreativo.de\/wordpress\/?page_id=47"},"modified":"2024-01-30T13:46:08","modified_gmt":"2024-01-30T12:46:08","slug":"wer-sind-wir","status":"publish","type":"page","link":"https:\/\/www.artecreativo.de\/wordpress\/wer-sind-wir\/","title":{"rendered":"Wir \u00fcber uns"},"content":{"rendered":"<p>\u00a1Hola!<\/p>\n<p>An dieser Stelle k\u00f6nnten wir jetzt jede Menge Buzzwords (die fr\u00fcher noch Schlagworte hie\u00dfen) einbauen, irgendwelches Marketing-Geschwurbel von uns geben oder einfach ganz viele leere Worth\u00fclsen pr\u00e4sentieren. Ebenfalls k\u00f6nnte hier jetzt stehen, dass es sich bei uns um ein junges, aufstrebendes Team handelt, welches dieses Unternehmen gerade erst in der elterlichen Garage gegr\u00fcndet hat. Machen wir aber nicht. Bei uns wird immer Klartext gesprochen und dies im reinsten Sinne dieses Wortes. Versprochen!<\/p>\n<p>Junge H\u00fcpfer sind wir mit einem Durchschnittsalter jenseits der 40 eh nicht mehr. Viel eher alte Hasen, die ganz genau wissen, wie das Gesch\u00e4ft rund um die Fotografie &amp; Marketing heute l\u00e4uft. Von daher stehen f\u00fcr uns ganz andere Werte im Vordergrund als einfach nur hipp oder fesch zu sein. Zum Beispiel Zuverl\u00e4ssigkeit, Ehrlichkeit und ein respektvoller Umgang mit dem Kunden. Wir h\u00f6ren gut zu und versuchen stets die Ideen &amp; Anregungen aufzugreifen, die von Seiten der Kundschaft an uns herangetragen werden. Dies gelingt jedoch nur, wenn zwischen dem Kunden und uns ein reger Dialog stattfindet. Diesen gestalten wir grunds\u00e4tzlich so einfach, dass uns auch jeder versteht. Fach-Chinesisch? Fehlanzeige!<\/p>\n<p>Ein weiterer Eckpfeiler in unserem Unternehmen ist Vertrauen. So arbeiten wir stets nur auf Rechnung und niemals gegen Vorauskasse. Wir verlangen auch nie einen Vorschuss von Ihnen. Sie beauftragen uns, wir liefern und erst dann &#8211; sofern Sie vollkommen zufrieden sind &#8211; lassen wir uns f\u00fcr die geleistete Arbeit entlohnen. So kauft niemand die Katze im Sack und sollte es tats\u00e4chlich einmal zu Unstimmigkeiten kommen, wurde maximal etwas Zeit vergeudet aber keine kostbaren Projektgelder oder \u00e4hnliche Investitionen.<\/p>\n<p>\u00dcberhaupt m\u00f6chten wir an dieser Stelle nur den Grundstein f\u00fcr ein Gespr\u00e4ch mit Ihnen legen. Uns ist es n\u00e4mlich tausend Mal lieber, mit Ihnen ein pers\u00f6nliches Gespr\u00e4ch oder Telefonat zu f\u00fchren. Dort merkt man dann auch ganz schnell, ob die Chemie stimmt oder ob man lieber keine gemeinsamen Projekte in Angriff nimmt. Denn auch in unserer Branche gilt: \u201eZeit ist Geld!\u201c<\/p>\n<p>Auf der Seite &#8222;<a href=\"https:\/\/www.artecreativo.de\/wordpress\/referenzen\" target=\"_blank\" rel=\"noopener noreferrer\">Referenzen<\/a>&#8220; k\u00f6nnen Sie sich einen kleinen \u00dcberblick dar\u00fcber verschaffen, wo unsere St\u00e4rken liegen und mit welchen Kooperationspartnern wir in den letzten Jahren zusammengearbeitet haben. Selbstverst\u00e4ndlich handelt es sich dabei nur um einen groben \u00dcberblick. Es w\u00e4re auch absolut sinnbefreit, jeden kleinen Flyer, jede ver\u00f6ffentlichte Fotografie oder jede jemals von uns designte Webseite dort aufzulisten. Das Ganze h\u00e4tte dann den Charme eines Telefonbuches und der Informationsgehalt w\u00e4re auch von eher fragw\u00fcrdiger Natur.<\/p>\n<p>Aus genau diesem Grund startet man auf unserer Unternehmens-Webseite auch stets in der Blog-Ansicht. Dort k\u00f6nnen wir am anschaulichsten von unseren Projekten, unseren Kooperationspartnern und uns erz\u00e4hlen. Ungeschminkt, aus dem realen Leben gegriffen und absolut bodenst\u00e4ndig.<\/p>\n<p>Sprachlich stehen wir Ihnen \u00fcbrigens auch gleich in mehrfacher Hinsicht zur Verf\u00fcgung, da wir uns t\u00e4glich \u201eflie\u00dfend\u201c in den Sprachen Deutsch, Spanisch &amp; Englisch bewegen. Multilingualit\u00e4t ist f\u00fcr uns also kein Fremdwort.<\/p>\n<p>Okay! Sollten wir Sie bis zu dieser Stelle nicht im hohen Galopp verloren haben und ganz im Gegenteil vielleicht sogar ein klein wenig neugierig auf uns gemacht haben, dann w\u00fcrden wir uns sehr freuen, wenn Sie Kontakt mit uns aufnehmen. In eiligen F\u00e4llen auch gerne am Wochenende oder an Feiertagen. F\u00fcr R\u00fcckfragen jeder Art stehen wir stets zu Ihrer Verf\u00fcgung.<\/p>\n<p>Nutzen Sie daf\u00fcr doch bitte einfach die hier folgende Telefonnummer: +49 (0) 211 \/ 70 00 77 1, unsere E-Mail-Adresse: <a href=\"mailto:hola@artecreativo.de\">hola@artecreativo.de<\/a> oder unser <a href=\"https:\/\/www.artecreativo.de\/wordpress\/kontakt\" target=\"_blank\" rel=\"noopener noreferrer\">Kontaktformular<\/a>.<\/p>\n<p>Wir freuen uns schon jetzt auf Sie \ud83d\ude09<\/p>\n<p>Ihr Team von Arte Creativo<\/p>\n","protected":false},"excerpt":{"rendered":"<p>\u00a1Hola! An dieser Stelle k\u00f6nnten wir jetzt jede Menge Buzzwords (die fr\u00fcher noch Schlagworte hie\u00dfen) einbauen, irgendwelches Marketing-Geschwurbel von uns geben oder einfach ganz viele leere Worth\u00fclsen pr\u00e4sentieren. Ebenfalls k\u00f6nnte hier jetzt stehen, dass es sich bei uns um ein junges, aufstrebendes Team handelt, welches dieses Unternehmen gerade erst in &hellip;<\/p>\n","protected":false},"author":1,"featured_media":0,"parent":0,"menu_order":0,"comment_status":"closed","ping_status":"closed","template":"","meta":{"footnotes":""},"class_list":["post-47","page","type-page","status-publish","hentry"],"yoast_head":"<!-- This site is optimized with the Yoast SEO plugin v27.5 - https:\/\/yoast.com\/product\/yoast-seo-wordpress\/ -->\n<title>Wir \u00fcber uns - Arte Creativo<\/title>\n<meta name=\"robots\" content=\"index, follow, max-snippet:-1, max-image-preview:large, max-video-preview:-1\" \/>\n<link rel=\"canonical\" href=\"https:\/\/www.artecreativo.de\/wordpress\/wer-sind-wir\/\" \/>\n<meta property=\"og:locale\" content=\"de_DE\" \/>\n<meta property=\"og:type\" content=\"article\" \/>\n<meta property=\"og:title\" content=\"Wir \u00fcber uns - Arte Creativo\" \/>\n<meta property=\"og:description\" content=\"\u00a1Hola! An dieser Stelle k\u00f6nnten wir jetzt jede Menge Buzzwords (die fr\u00fcher noch Schlagworte hie\u00dfen) einbauen, irgendwelches Marketing-Geschwurbel von uns geben oder einfach ganz viele leere Worth\u00fclsen pr\u00e4sentieren. Ebenfalls k\u00f6nnte hier jetzt stehen, dass es sich bei uns um ein junges, aufstrebendes Team handelt, welches dieses Unternehmen gerade erst in &hellip;\" \/>\n<meta property=\"og:url\" content=\"https:\/\/www.artecreativo.de\/wordpress\/wer-sind-wir\/\" \/>\n<meta property=\"og:site_name\" content=\"Arte Creativo\" \/>\n<meta property=\"article:modified_time\" content=\"2024-01-30T12:46:08+00:00\" \/>\n<meta name=\"twitter:card\" content=\"summary_large_image\" \/>\n<meta name=\"twitter:label1\" content=\"Gesch\u00e4tzte Lesezeit\" \/>\n\t<meta name=\"twitter:data1\" content=\"4\u00a0Minuten\" \/>\n<script type=\"application\/ld+json\" class=\"yoast-schema-graph\">{\"@context\":\"https:\\\/\\\/schema.org\",\"@graph\":[{\"@type\":\"WebPage\",\"@id\":\"https:\\\/\\\/www.artecreativo.de\\\/wordpress\\\/wer-sind-wir\\\/\",\"url\":\"https:\\\/\\\/www.artecreativo.de\\\/wordpress\\\/wer-sind-wir\\\/\",\"name\":\"Wir \u00fcber uns - Arte Creativo\",\"isPartOf\":{\"@id\":\"https:\\\/\\\/www.artecreativo.de\\\/wordpress\\\/#website\"},\"datePublished\":\"2017-04-01T11:12:03+00:00\",\"dateModified\":\"2024-01-30T12:46:08+00:00\",\"breadcrumb\":{\"@id\":\"https:\\\/\\\/www.artecreativo.de\\\/wordpress\\\/wer-sind-wir\\\/#breadcrumb\"},\"inLanguage\":\"de\",\"potentialAction\":[{\"@type\":\"ReadAction\",\"target\":[\"https:\\\/\\\/www.artecreativo.de\\\/wordpress\\\/wer-sind-wir\\\/\"]}]},{\"@type\":\"BreadcrumbList\",\"@id\":\"https:\\\/\\\/www.artecreativo.de\\\/wordpress\\\/wer-sind-wir\\\/#breadcrumb\",\"itemListElement\":[{\"@type\":\"ListItem\",\"position\":1,\"name\":\"Startseite\",\"item\":\"https:\\\/\\\/www.artecreativo.de\\\/wordpress\\\/\"},{\"@type\":\"ListItem\",\"position\":2,\"name\":\"Wir \u00fcber uns\"}]},{\"@type\":\"WebSite\",\"@id\":\"https:\\\/\\\/www.artecreativo.de\\\/wordpress\\\/#website\",\"url\":\"https:\\\/\\\/www.artecreativo.de\\\/wordpress\\\/\",\"name\":\"Arte Creativo\",\"description\":\"Fotodesign &amp; Webgestaltung\",\"publisher\":{\"@id\":\"https:\\\/\\\/www.artecreativo.de\\\/wordpress\\\/#organization\"},\"potentialAction\":[{\"@type\":\"SearchAction\",\"target\":{\"@type\":\"EntryPoint\",\"urlTemplate\":\"https:\\\/\\\/www.artecreativo.de\\\/wordpress\\\/?s={search_term_string}\"},\"query-input\":{\"@type\":\"PropertyValueSpecification\",\"valueRequired\":true,\"valueName\":\"search_term_string\"}}],\"inLanguage\":\"de\"},{\"@type\":\"Organization\",\"@id\":\"https:\\\/\\\/www.artecreativo.de\\\/wordpress\\\/#organization\",\"name\":\"Arte Creativo\",\"url\":\"https:\\\/\\\/www.artecreativo.de\\\/wordpress\\\/\",\"logo\":{\"@type\":\"ImageObject\",\"inLanguage\":\"de\",\"@id\":\"https:\\\/\\\/www.artecreativo.de\\\/wordpress\\\/#\\\/schema\\\/logo\\\/image\\\/\",\"url\":\"https:\\\/\\\/www.artecreativo.de\\\/wordpress\\\/wp-content\\\/uploads\\\/2018\\\/08\\\/cropped-Logo-840px.png\",\"contentUrl\":\"https:\\\/\\\/www.artecreativo.de\\\/wordpress\\\/wp-content\\\/uploads\\\/2018\\\/08\\\/cropped-Logo-840px.png\",\"width\":840,\"height\":151,\"caption\":\"Arte Creativo\"},\"image\":{\"@id\":\"https:\\\/\\\/www.artecreativo.de\\\/wordpress\\\/#\\\/schema\\\/logo\\\/image\\\/\"}}]}<\/script>\n<!-- \/ Yoast SEO plugin. -->","yoast_head_json":{"title":"Wir \u00fcber uns - Arte Creativo","robots":{"index":"index","follow":"follow","max-snippet":"max-snippet:-1","max-image-preview":"max-image-preview:large","max-video-preview":"max-video-preview:-1"},"canonical":"https:\/\/www.artecreativo.de\/wordpress\/wer-sind-wir\/","og_locale":"de_DE","og_type":"article","og_title":"Wir \u00fcber uns - Arte Creativo","og_description":"\u00a1Hola! An dieser Stelle k\u00f6nnten wir jetzt jede Menge Buzzwords (die fr\u00fcher noch Schlagworte hie\u00dfen) einbauen, irgendwelches Marketing-Geschwurbel von uns geben oder einfach ganz viele leere Worth\u00fclsen pr\u00e4sentieren. Ebenfalls k\u00f6nnte hier jetzt stehen, dass es sich bei uns um ein junges, aufstrebendes Team handelt, welches dieses Unternehmen gerade erst in &hellip;","og_url":"https:\/\/www.artecreativo.de\/wordpress\/wer-sind-wir\/","og_site_name":"Arte Creativo","article_modified_time":"2024-01-30T12:46:08+00:00","twitter_card":"summary_large_image","twitter_misc":{"Gesch\u00e4tzte Lesezeit":"4\u00a0Minuten"},"schema":{"@context":"https:\/\/schema.org","@graph":[{"@type":"WebPage","@id":"https:\/\/www.artecreativo.de\/wordpress\/wer-sind-wir\/","url":"https:\/\/www.artecreativo.de\/wordpress\/wer-sind-wir\/","name":"Wir \u00fcber uns - Arte Creativo","isPartOf":{"@id":"https:\/\/www.artecreativo.de\/wordpress\/#website"},"datePublished":"2017-04-01T11:12:03+00:00","dateModified":"2024-01-30T12:46:08+00:00","breadcrumb":{"@id":"https:\/\/www.artecreativo.de\/wordpress\/wer-sind-wir\/#breadcrumb"},"inLanguage":"de","potentialAction":[{"@type":"ReadAction","target":["https:\/\/www.artecreativo.de\/wordpress\/wer-sind-wir\/"]}]},{"@type":"BreadcrumbList","@id":"https:\/\/www.artecreativo.de\/wordpress\/wer-sind-wir\/#breadcrumb","itemListElement":[{"@type":"ListItem","position":1,"name":"Startseite","item":"https:\/\/www.artecreativo.de\/wordpress\/"},{"@type":"ListItem","position":2,"name":"Wir \u00fcber uns"}]},{"@type":"WebSite","@id":"https:\/\/www.artecreativo.de\/wordpress\/#website","url":"https:\/\/www.artecreativo.de\/wordpress\/","name":"Arte Creativo","description":"Fotodesign &amp; Webgestaltung","publisher":{"@id":"https:\/\/www.artecreativo.de\/wordpress\/#organization"},"potentialAction":[{"@type":"SearchAction","target":{"@type":"EntryPoint","urlTemplate":"https:\/\/www.artecreativo.de\/wordpress\/?s={search_term_string}"},"query-input":{"@type":"PropertyValueSpecification","valueRequired":true,"valueName":"search_term_string"}}],"inLanguage":"de"},{"@type":"Organization","@id":"https:\/\/www.artecreativo.de\/wordpress\/#organization","name":"Arte Creativo","url":"https:\/\/www.artecreativo.de\/wordpress\/","logo":{"@type":"ImageObject","inLanguage":"de","@id":"https:\/\/www.artecreativo.de\/wordpress\/#\/schema\/logo\/image\/","url":"https:\/\/www.artecreativo.de\/wordpress\/wp-content\/uploads\/2018\/08\/cropped-Logo-840px.png","contentUrl":"https:\/\/www.artecreativo.de\/wordpress\/wp-content\/uploads\/2018\/08\/cropped-Logo-840px.png","width":840,"height":151,"caption":"Arte Creativo"},"image":{"@id":"https:\/\/www.artecreativo.de\/wordpress\/#\/schema\/logo\/image\/"}}]}},"_links":{"self":[{"href":"https:\/\/www.artecreativo.de\/wordpress\/wp-json\/wp\/v2\/pages\/47","targetHints":{"allow":["GET"]}}],"collection":[{"href":"https:\/\/www.artecreativo.de\/wordpress\/wp-json\/wp\/v2\/pages"}],"about":[{"href":"https:\/\/www.artecreativo.de\/wordpress\/wp-json\/wp\/v2\/types\/page"}],"author":[{"embeddable":true,"href":"https:\/\/www.artecreativo.de\/wordpress\/wp-json\/wp\/v2\/users\/1"}],"replies":[{"embeddable":true,"href":"https:\/\/www.artecreativo.de\/wordpress\/wp-json\/wp\/v2\/comments?post=47"}],"version-history":[{"count":9,"href":"https:\/\/www.artecreativo.de\/wordpress\/wp-json\/wp\/v2\/pages\/47\/revisions"}],"predecessor-version":[{"id":1044,"href":"https:\/\/www.artecreativo.de\/wordpress\/wp-json\/wp\/v2\/pages\/47\/revisions\/1044"}],"wp:attachment":[{"href":"https:\/\/www.artecreativo.de\/wordpress\/wp-json\/wp\/v2\/media?parent=47"}],"curies":[{"name":"wp","href":"https:\/\/api.w.org\/{rel}","templated":true}]}}

Wir über uns

<p>¡Hola!</p>
<p>An dieser Stelle könnten wir jetzt jede Menge Buzzwords (die früher noch Schlagworte hießen) einbauen, irgendwelches Marketing-Geschwurbel von uns geben oder einfach ganz viele leere Worthülsen präsentieren. Ebenfalls könnte hier jetzt stehen, dass es sich bei uns um ein junges, aufstrebendes Team handelt, welches dieses Unternehmen gerade erst in der elterlichen Garage gegründet hat. Machen wir aber nicht. Bei uns wird immer Klartext gesprochen und dies im reinsten Sinne dieses Wortes. Versprochen!</p>
<p>Junge Hüpfer sind wir mit einem Durchschnittsalter jenseits der 40 eh nicht mehr. Viel eher alte Hasen, die ganz genau wissen, wie das Geschäft rund um die Fotografie &amp; Marketing heute läuft. Von daher stehen für uns ganz andere Werte im Vordergrund als einfach nur hipp oder fesch zu sein. Zum Beispiel Zuverlässigkeit, Ehrlichkeit und ein respektvoller Umgang mit dem Kunden. Wir hören gut zu und versuchen stets die Ideen &amp; Anregungen aufzugreifen, die von Seiten der Kundschaft an uns herangetragen werden. Dies gelingt jedoch nur, wenn zwischen dem Kunden und uns ein reger Dialog stattfindet. Diesen gestalten wir grundsätzlich so einfach, dass uns auch jeder versteht. Fach-Chinesisch? Fehlanzeige!</p>
<p>Ein weiterer Eckpfeiler in unserem Unternehmen ist Vertrauen. So arbeiten wir stets nur auf Rechnung und niemals gegen Vorauskasse. Wir verlangen auch nie einen Vorschuss von Ihnen. Sie beauftragen uns, wir liefern und erst dann &#8211; sofern Sie vollkommen zufrieden sind &#8211; lassen wir uns für die geleistete Arbeit entlohnen. So kauft niemand die Katze im Sack und sollte es tatsächlich einmal zu Unstimmigkeiten kommen, wurde maximal etwas Zeit vergeudet aber keine kostbaren Projektgelder oder ähnliche Investitionen.</p>
<p>Überhaupt möchten wir an dieser Stelle nur den Grundstein für ein Gespräch mit Ihnen legen. Uns ist es nämlich tausend Mal lieber, mit Ihnen ein persönliches Gespräch oder Telefonat zu führen. Dort merkt man dann auch ganz schnell, ob die Chemie stimmt oder ob man lieber keine gemeinsamen Projekte in Angriff nimmt. Denn auch in unserer Branche gilt: „Zeit ist Geld!“</p>
<p>Auf der Seite &#8222;<a href="https://www.artecreativo.de/wordpress/referenzen" target="_blank" rel="noopener noreferrer">Referenzen</a>&#8220; können Sie sich einen kleinen Überblick darüber verschaffen, wo unsere Stärken liegen und mit welchen Kooperationspartnern wir in den letzten Jahren zusammengearbeitet haben. Selbstverständlich handelt es sich dabei nur um einen groben Überblick. Es wäre auch absolut sinnbefreit, jeden kleinen Flyer, jede veröffentlichte Fotografie oder jede jemals von uns designte Webseite dort aufzulisten. Das Ganze hätte dann den Charme eines Telefonbuches und der Informationsgehalt wäre auch von eher fragwürdiger Natur.</p>
<p>Aus genau diesem Grund startet man auf unserer Unternehmens-Webseite auch stets in der Blog-Ansicht. Dort können wir am anschaulichsten von unseren Projekten, unseren Kooperationspartnern und uns erzählen. Ungeschminkt, aus dem realen Leben gegriffen und absolut bodenständig.</p>
<p>Sprachlich stehen wir Ihnen übrigens auch gleich in mehrfacher Hinsicht zur Verfügung, da wir uns täglich „fließend“ in den Sprachen Deutsch, Spanisch &amp; Englisch bewegen. Multilingualität ist für uns also kein Fremdwort.</p>
<p>Okay! Sollten wir Sie bis zu dieser Stelle nicht im hohen Galopp verloren haben und ganz im Gegenteil vielleicht sogar ein klein wenig neugierig auf uns gemacht haben, dann würden wir uns sehr freuen, wenn Sie Kontakt mit uns aufnehmen. In eiligen Fällen auch gerne am Wochenende oder an Feiertagen. Für Rückfragen jeder Art stehen wir stets zu Ihrer Verfügung.</p>
<p>Nutzen Sie dafür doch bitte einfach die hier folgende Telefonnummer: +49 (0) 211 / 70 00 77 1, unsere E-Mail-Adresse: <a href="mailto:hola@artecreativo.de">hola@artecreativo.de</a> oder unser <a href="https://www.artecreativo.de/wordpress/kontakt" target="_blank" rel="noopener noreferrer">Kontaktformular</a>.</p>
<p>Wir freuen uns schon jetzt auf Sie 😉</p>
<p>Ihr Team von Arte Creativo</p>

<p>¡Hola! An dieser Stelle könnten wir jetzt jede Menge Buzzwords (die früher noch Schlagworte hießen) einbauen, irgendwelches Marketing-Geschwurbel von uns geben oder einfach ganz viele leere Worthülsen präsentieren. Ebenfalls könnte hier jetzt stehen, dass es sich bei uns um ein junges, aufstrebendes Team handelt, welches dieses Unternehmen gerade erst in &hellip;</p>

<!-- This site is optimized with the Yoast SEO plugin v27.5 - https://yoast.com/product/yoast-seo-wordpress/ -->
<title>Wir über uns - Arte Creativo</title>
<meta name="robots" content="index, follow, max-snippet:-1, max-image-preview:large, max-video-preview:-1" />
<link rel="canonical" href="https://www.artecreativo.de/wordpress/wer-sind-wir/" />
<meta property="og:locale" content="de_DE" />
<meta property="og:type" content="article" />
<meta property="og:title" content="Wir über uns - Arte Creativo" />
<meta property="og:description" content="¡Hola! An dieser Stelle könnten wir jetzt jede Menge Buzzwords (die früher noch Schlagworte hießen) einbauen, irgendwelches Marketing-Geschwurbel von uns geben oder einfach ganz viele leere Worthülsen präsentieren. Ebenfalls könnte hier jetzt stehen, dass es sich bei uns um ein junges, aufstrebendes Team handelt, welches dieses Unternehmen gerade erst in &hellip;" />
<meta property="og:url" content="https://www.artecreativo.de/wordpress/wer-sind-wir/" />
<meta property="og:site_name" content="Arte Creativo" />
<meta property="article:modified_time" content="2024-01-30T12:46:08+00:00" />
<meta name="twitter:card" content="summary_large_image" />
<meta name="twitter:label1" content="Geschätzte Lesezeit" />
	<meta name="twitter:data1" content="4 Minuten" />
<script type="application/ld+json" class="yoast-schema-graph">{"@context":"https:\/\/schema.org","@graph":[{"@type":"WebPage","@id":"https:\/\/www.artecreativo.de\/wordpress\/wer-sind-wir\/","url":"https:\/\/www.artecreativo.de\/wordpress\/wer-sind-wir\/","name":"Wir über uns - Arte Creativo","isPartOf":{"@id":"https:\/\/www.artecreativo.de\/wordpress\/#website"},"datePublished":"2017-04-01T11:12:03+00:00","dateModified":"2024-01-30T12:46:08+00:00","breadcrumb":{"@id":"https:\/\/www.artecreativo.de\/wordpress\/wer-sind-wir\/#breadcrumb"},"inLanguage":"de","potentialAction":[{"@type":"ReadAction","target":["https:\/\/www.artecreativo.de\/wordpress\/wer-sind-wir\/"]}]},{"@type":"BreadcrumbList","@id":"https:\/\/www.artecreativo.de\/wordpress\/wer-sind-wir\/#breadcrumb","itemListElement":[{"@type":"ListItem","position":1,"name":"Startseite","item":"https:\/\/www.artecreativo.de\/wordpress\/"},{"@type":"ListItem","position":2,"name":"Wir über uns"}]},{"@type":"WebSite","@id":"https:\/\/www.artecreativo.de\/wordpress\/#website","url":"https:\/\/www.artecreativo.de\/wordpress\/","name":"Arte Creativo","description":"Fotodesign &amp; Webgestaltung","publisher":{"@id":"https:\/\/www.artecreativo.de\/wordpress\/#organization"},"potentialAction":[{"@type":"SearchAction","target":{"@type":"EntryPoint","urlTemplate":"https:\/\/www.artecreativo.de\/wordpress\/?s={search_term_string}"},"query-input":{"@type":"PropertyValueSpecification","valueRequired":true,"valueName":"search_term_string"}}],"inLanguage":"de"},{"@type":"Organization","@id":"https:\/\/www.artecreativo.de\/wordpress\/#organization","name":"Arte Creativo","url":"https:\/\/www.artecreativo.de\/wordpress\/","logo":{"@type":"ImageObject","inLanguage":"de","@id":"https:\/\/www.artecreativo.de\/wordpress\/#\/schema\/logo\/image\/","url":"https:\/\/www.artecreativo.de\/wordpress\/wp-content\/uploads\/2018\/08\/cropped-Logo-840px.png","contentUrl":"https:\/\/www.artecreativo.de\/wordpress\/wp-content\/uploads\/2018\/08\/cropped-Logo-840px.png","width":840,"height":151,"caption":"Arte Creativo"},"image":{"@id":"https:\/\/www.artecreativo.de\/wordpress\/#\/schema\/logo\/image\/"}}]}</script>
<!-- / Yoast SEO plugin. -->

Wir über uns - Arte Creativo

¡Hola! An dieser Stelle könnten wir jetzt jede Menge Buzzwords (die früher noch Schlagworte hießen) einbauen, irgendwelches Marketing-Geschwurbel von uns geben oder einfach ganz viele leere Worthülsen präsentieren. Ebenfalls könnte hier jetzt stehen, dass es sich bei uns um ein junges, aufstrebendes Team handelt, welches dieses Unternehmen gerade erst in &hellip;
